s of r/2*(-3)/(-12).
263
What are the prime factors of 23 + 325960/72 + 4/(-18)?
2, 5, 7, 13
Let c(l) = -2*l**3 - 46*l**2 + 54. Let k = 93 + -116. List the prime factors of c(k).
2, 3
Suppose -4*n = -8*n + 1720. Suppose 0 = -7*r + 123 + n. Let w = r + -22. What are the prime factors of w?
3, 19
Suppose 0 = 2*o - 1 + 1. Suppose o = 54*p - 59*p + 25. Suppose -5*t + 2*d + 2*d = -1001, -2*t = -p*d - 414. What are the prime factors of t?
197
Let n = -6 + -20. Let p = n - -26. Suppose -5*f + 27 + 143 = p. What are the prime factors of f?
2, 17
Suppose -2*z + 9 - 5 = 0. Suppose i = -g - 0*g + 832, -z*g = -4*i - 1676. What are the prime factors of g?
2, 3, 139
Let i(o) = -o**3 - 93 + 7*o**2 + 3*o + 113 + 3*o. Let n be i(8). Suppose 3*m - 117 = y, -188 = -5*m + n*y - 0*y. What are the prime factors of m?
2, 5
What are the prime factors of 21518 + ((-1008)/9)/(-14)?
2, 47, 229
Let b(c) = c - 1. Let x(j) = -2*j + 1. Let q(r) = -b(r) - x(r). Let v(u) = -u + 13. Let y(o) = 2*q(o) + v(o). What are the prime factors of y(-5)?
2
Let d be 12/(12/9*3/12). Suppose -153 = d*w - 45*w. What are the prime factors of w?
17
Let s = -41037 + 71159. List the prime factors of s.
2, 15061
Suppose 746 = 7*z + 627. Suppose -z*i + 6666 + 11660 = 0. List the prime factors of i.
2, 7, 11
Let w(m) = -m**3 + 17*m**2 - 18 - 11*m - 10*m - 23 + 0*m**3 + 0*m. What are the prime factors of w(13)?
2, 181
Let p(z) = -z**2 + 38*z - 33. Let x be p(37). What are the prime factors of ((-15)/(-6)*-366)/((-6)/x)?
2, 5, 61
Suppose -11 = 10*m - 11*m. Suppose -m*p - 126 = -2*p. Let o(n) = n**2 + 2*n + 5. List the prime factors of o(p).
173
Let t = -33 - -38. Suppose 4*c = -4*w + 224, -2*c - w = 3*c - 268. Suppose h + t*d - c = 107, -h = 3*d - 150. What are the prime factors of h?
3, 5
Let y be 2 + 1*(-10)/5 + 287. Let r = 429 - y. List the prime factors of r.
2, 71
Let m(j) = j**2 + 3*j - 4. Let t be m(-6). Let r = t - 10. Suppose 4*s + 2*y - 436 = 0, -548 = -5*s - 0*y - r*y. What are the prime factors of s?
2, 3
Let j = 32 - 29. Suppose -j*p + 91 + 161 = 0. What are the prime factors of 7/((-14)/6) + p?
3
Let c = -33 + -5. Let j be (1463/c)/((-1)/2). Let w = -34 + j. What are the prime factors of w?
43
Let x(h) = h**2 - 5*h**2 + 34*h**3 - 33*h**3. Let m be x(-4). Let n = m - -245. List the prime factors of n.
3, 13
Let i(c) = -c**3 + 54*c**2 - 148*c - 54. What are the prime factors of i(43)?
13921
Let y(d) = 2*d - 13. Let q(s) = -s**2 - 4*s + 8. Let g be q(-4). Let o be y(g). What are the prime factors of ((-2)/o*-21)/((-1)/(-3))?
2, 3, 7
Let b(v) = -5*v**2 - 43*v - 14. Let q be b(-7). Suppose q*k + 5*k = 20351. What are the prime factors of k?
433
List the prime factors of 0 - 46058/(-5) - 4/(-10).
2, 7, 47
Let w = 4333 + -2899. List the prime factors of w.
2, 3, 239
Let y(q) = -2*q + 6. Let t be y(-5). Suppose 29 = -5*i - t. List the prime factors of -1 + (-1347)/i - 2/(-6).
149
Let t(q) = 7*q**2 - q - 1. Let c be t(1). Suppose 215 = l - c*y + 2*y, 434 = 2*l - 5*y. List the prime factors of l.
227
Let p(s) = 2*s**2 + 101*s - 54. Let y be p(-51). Let r(b) = -238*b - 164. List the prime factors of r(y).
2, 5, 11
Suppose -4*i + 78 = -290. Let q be i/22 + (-4)/22. List the prime factors of (-12)/((-46)/11 + q).
2, 3, 11
Suppose -2*w + 120 = 2*x, -2*x + 3*x + 5*w = 76. Let d = -93 + x. Let m = d + 114. What are the prime factors of m?
7, 11
Suppose 0 = -2*u + 3*l + 28, u - 12 = -3*l - 16. Suppose x - 4*k = 1321, 3*x - u*k = -10*k + 4033. What are the prime factors of x?
3, 149
Suppose 35*p + 73*p - 1325808 = 0. What are the prime factors of p?
2, 3, 11, 31
Let f = -1 + -2. Let l = 136 - 130. What are the prime factors of 174 + f + l/2?
2, 3, 29
Let x = 9 - 6. Suppose -c + x*f = -42, 5*c - 86 - 92 = -f. Suppose -10*z + 204 = -c. List the prime factors of z.
2, 3
Let d = -311 - -7132. What are the prime factors of d?
19, 359
Let j = -351 + 351. Suppose 0 = -9*y - j*y + 585. List the prime factors of y.
5, 13
Let j(o) = -3 - 2 + 0*o - 15*o + 2*o. Let m(y) = -y**3 + 11*y**2 - 11*y + 6. Let a be m(10). List the prime factors of j(a).
47
Let u(g) = g**3 + 9*g**2 - 10*g - 10. Let n = -66 + 59. Let f be u(n). Let d = -71 + f. List the prime factors of d.
3, 29
Let l be 2/(-4 - (-1 - -3 - 7)). Suppose 0 = 5*b + 10, -1415 + 371 = -2*r - l*b. List the prime factors of r.
2, 131
Suppose -4*q = -w + 28542, -62*q = 3*w - 65*q - 85563. List the prime factors of w.
2, 53, 269
Suppose 4*r = 2*l - 2194, 6*r - 2*l = r - 2741. List the prime factors of r/(-3) - 1/3.
2, 7, 13
Let a = 11289 + -6353. List the prime factors of a.
2, 617
Suppose 0 = -3*t - 21, l - 597 = -2*t - 5. List the prime factors of l.
2, 3, 101
Let q = 437 + -429. Let o = 320 - q. What are the prime factors of o?
2, 3, 13
Suppose -2*v = -0*v + 6, -5*v - 75 = 4*r. What are the prime factors of (-18)/r*(-80600)/(-78)?
2, 5, 31
Let x = 102 + -96. Let v be 30*(-4 + 20/x). What are the prime factors of 4/v - 1472/(-10)?
3, 7
Let a(c) = -c**2 - 3*c + 16. Let g be a(0). Let k = g + -14. Suppose -769 = -k*v - 213. What are the prime factors of v?
2, 139
Let c = 24 + -55. Let r = c - -36. Suppose 0 = 3*u - r*t - 107, 2 = -t - t. List the prime factors of u.
2, 17
Suppose 0 = -9*d + 91 + 53. Let i = -12 + d. List the prime factors of 10/i*(-2812)/(-95).
2, 37
Suppose 4*l - 6*l + 672 = 0. Suppose 4*g - 23 = p - g, 0 = 5*p - 5*g + 35. What are the prime factors of l/8 + (p - 0)?
3, 13
Let n be (26 - (-6 + 4)) + -3. Let w = n + -33. What are the prime factors of -6*2/w + 42/12?
5
Let z = -190 + 401. Suppose -13*t = -z + 16. List the prime factors of (-30)/4*(-168)/t.
2, 3, 7
Let k(q) = q**2 - 25*q - 75. Let t be k(28). Suppose 4*n - t*n = -4205. What are the prime factors of n?
29
Let p = -2610 - -6925. Suppose -p = -15*n + 4790. List the prime factors of n.
607
Suppose -2*q + 2*f = -1704, q - 3*f = -0*f + 848. What are the prime factors of q?
2, 7, 61
Suppose -40*f + 43*f + 3 = 0. Let j be (-2 - 20)*f/(-2). What are the prime factors of (-8 - j)/(1 - 44/46)?
3, 23
Suppose 0 = 58*t - 60*t - 142. Let d = t - -75. Suppose 5*o + d*k = 101 + 1063, o = -5*k + 237. What are the prime factors of o?
2, 29
Let v(m) = -8*m**2 - 87*m + 128. Let f(u) = 13*u**2 + 131*u - 192. Let p(l) = -5*f(l) - 8*v(l). What are the prime factors of p(22)?
2, 3, 59
Let s(d) = 1450*d - 1301. List the prime factors of s(16).
61, 359
Suppose 3*o - 5*k - 23 = 0, 4*o + k - 19 = -4*k. Suppose o*c = -4*c - 1260. Let s = c + 217. What are the prime factors of s?
7, 13
Let n(t) be the third derivative of t**6/120 + 3*t**5/10 + t**4/8 - 19*t**3/3 - 2*t**2 + 8. What are the prime factors of n(-17)?
2, 5
Let b = -16258 - -37196. What are the prime factors of b?
2, 19, 29
Suppose -132*n = -61*n - 237779. List the prime factors of n.
17, 197
Suppose 2*f = -5*v + 23413, 0 = v - 1 - 6. What are the prime factors of f?
11689
Let g = -35 + 35. Suppose g = j + 6 - 7. What are the prime factors of (177/(-6) + j)*(-8)/3?
2, 19
Let p(m) = 46*m**2 + 9*m + 23. Let k be 3 + (-34)/8 - 14/8. What are the prime factors of p(k)?
2, 5, 41
Let j = 71 - 59. Suppose -12*a + 14*a = j. Suppose -2*h = -a*h + 500. List the prime factors of h.
5
Let b = 75 - 73. Suppose 4*t - 558 = 2*t - b*q, 0 = -4*t - 3*q + 1113. List the prime factors of t.
2, 3, 23
Suppose -2*r + 11*r = 414. Let p(b) = -37*b - r*b + b**3 + 63*b + 13*b**2 + 19 - 33*b**2. What are the prime factors of p(21)?
2, 5
Let a(j) = 22*j**2 + 17*j - 11. What are the prime factors of a(12)?
3361
Suppose 196238 = 3*p - 4*z, -4*z - 327072 = -5*p - 6*z. List the prime factors of p.
2, 32707
Let p = 4601 - -1629. List the prime factors of p.
2, 5, 7, 89
Let i = -2441 + 5996. What are the prime factors of i?
3, 5, 79
Let u(d) be the second derivative of 7*d**4/6 + 10*d**3/3 - 5*d**2/2 + 10*d + 4. List the prime factors of u(-5).
5, 7
Let z = 3437 - -401. What are the prime factors of z?
2, 19, 101
Suppose 0 = -5*b - 3*b - 104. Let o = -107 - -111. What are the prime factors of (o/2)/(b/(-1586))?
2, 61
Suppose -p - 47 = 5*j + 55, 3*j - 2*p + 56 = 0. What are the prime factors of (-7)/(175/j) - (-5672)/10?
2, 71
What are the prime factors of 2/6 - -1 - (-1772332)/186?
2, 5, 953
Suppose m - 4857 = 6131 - 2668. What are the prime factors of m?
2, 5, 13
Let r(w) = 419*w**